t s = -121 + o. Let l be (150/9)/((-4)/(-18)). Calculate the greatest common factor of l and s.
15
Suppose 6*i = i - 4*h + 103, -i - 2*h = -23. Suppose i*v - 65 = 14*v. Suppose 2*x = 3 + v. Calculate the greatest common divisor of x and 80.
8
Suppose 4*y = 2*y + 1188. Let u = 122523 - 122469. Calculate the highest common divisor of u and y.
54
Suppose 40784 = 3*j - 4*s, -62*s + 61*s = 3*j - 40774. What is the highest common divisor of 8 and j?
8
Suppose r - 528 = -513. Calculate the highest common factor of r and 3015.
15
Let s = -4823 - -7367. What is the greatest common factor of 16 and s?
16
Let f(k) = -10*k + 3. Let d be f(1). Let y be -7 - d - 6/(-1). What is the highest common divisor of y and 4?
2
Let h be (-261259)/(-548) - (-6)/(-8). What is the greatest common divisor of 56 and h?
28
Suppose -4*x - j = -111, -5 = 5*x + j - 145. Suppose 2*f + o = 54, f + o + 3 = x. Suppose -3*s + 341 = 47. What is the highest common divisor of s and f?
14
Let t = -22577 - -22594. Calculate the highest common divisor of t and 13379.
17
Suppose 0 = 12*m - 275 + 83. Let r be (-150)/4*96/(-9). Calculate the highest common divisor of m and r.
16
Let o be (26/(-4))/(-29*(-16)/(-47328)). What is the highest common divisor of 429 and o?
39
Suppose -56*j + 52*j + 18758 = 2*u, -4*u = 4*j - 18748. Calculate the greatest common factor of j and 184.
92
Let b(q) = -q**2 + 207*q + 1073. Let u be b(-5). Calculate the highest common divisor of 9412 and u.
13
Let s(d) = 381*d + 159. Let y be s(3). Calculate the greatest common factor of 248 and y.
62
Let y(j) = 22*j**2 + 80*j + 237. Let r be y(-3). What is the greatest common divisor of 429 and r?
39
Let x = -145 - -153. Let n be (-2 - 0)/((-2)/x). Calculate the greatest common factor of 256 and n.
8
Let o(b) = -460*b - 1353. Let n be o(-6). Calculate the greatest common factor of n and 6.
3
Let s(y) = y**3 - 3*y**2 - 4*y + 5. Let p be s(4). Let f = 26 - -73. Let o = f + -54. Calculate the highest common divisor of p and o.
5
Let m be -6 + (18 + -31 - -28). What is the greatest common divisor of m and 22266?
9
Suppose 244*u = 23601 + 34959. What is the highest common divisor of 408 and u?
24
Suppose 4*b + 3532 = 8*w - 4*w, -w + 886 = -4*b. Calculate the greatest common divisor of w and 522.
18
Suppose 0 = -36840*j + 36823*j + 38930. Calculate the greatest common divisor of j and 30.
10
Suppose 0*r - 5*r - 940 = -4*s, -752 = 4*r + 3*s. Let g = r + 203. What is the highest common factor of g and 65?
5
Suppose 2*a + 12*q = 13*q + 1077, 1618 = 3*a - 2*q. Let o = a - 456. What is the greatest common divisor of 176 and o?
16
Suppose 3*d - 4450 = -2*d. Suppose -2*y - 475 = -5*k, -3*k + 5*k + d = -4*y. Let i = -121 - y. Calculate the highest common factor of 26 and i.
26
Suppose 4670 + 2881 = 17*w - 47699. What is the highest common factor of w and 390?
130
Suppose -k - 4*w = -149 - 81, 0 = 5*k + 2*w - 1168. Let j = -711 - -717. Calculate the highest common factor of j and k.
6
Suppose -549 - 2386 - 4625 = -63*s. What is the greatest common divisor of s and 2775?
15
Let w(t) = t**3 + 20*t**2 + 18*t - 15. Let k be w(-19). Let l be (18/k - -2)*2. Suppose 0 = 16*c - 883 - l. What is the greatest common factor of c and 8?
8
Suppose -19*f + 1113 = -27. Suppose -4*b - 164 = -3*j, 2*j + 2*b = j + 38. Calculate the greatest common factor of f and j.
12
Suppose -3*v - 183 - 216 = 0. Let j = v - -86. Let x = j - -72. What is the highest common divisor of x and 5?
5
Let f be 1/2*(0 + 0). Suppose -2*s + 6 = -f. Suppose s*w - 39 = -0*w. What is the highest common factor of w and 104?
13
Let u(d) = 1379*d**2 + 79*d + 249. Let h be u(-3). What is the highest common divisor of 123 and h?
123
Let i be 6*(-3)/2*4/(-12). Suppose -4*y + 16 = 0, o + i*y - 2*y - 22 = 0. Calculate the greatest common divisor of 72 and o.
18
Let x be 637572/90 + 72/(-540). What is the highest common divisor of 7 and x?
7
Suppose -3014 = -5*l + 11*i - 7*i, l + i = 601. Suppose -172*k - l = -179*k. Calculate the highest common divisor of 602 and k.
86
Suppose 0 = -3*v + 4*d - 8*d + 3466, d = -3*v + 3454. What is the greatest common divisor of 46 and v?
46
Let b(i) = 42*i - 6. Let l be b(3). Suppose -v + 5*f + 285 - 110 = 0, -15 = 3*f. Calculate the highest common divisor of v and l.
30
Let n(h) = -10*h + 355. Let j be n(16). What is the highest common divisor of 435 and j?
15
Let p(u) = u**2 + 26*u - 105. Let b be p(-30). Calculate the highest common divisor of 1095 and b.
15
Let c = 76 + 0. Suppose -259 = c*z - 83*z. Calculate the greatest common factor of z and 37.
37
Let v(s) = 14*s - 133. Let g be v(0). Let k = g - -136. What is the highest common factor of k and 75?
3
Let t be 1 + -29 + 29 + -22. Let m be ((-174)/(-5))/(t/(-140)). What is the highest common factor of 8 and m?
8
Let u be (4 - (-8)/(-1)) + 7 + 1. Suppose -5*y + 2 + u = -f, -2*f + 20 = -2*y. What is the highest common factor of 35 and f?
7
Let o = -13487 - -23742. What is the highest common factor of 70 and o?
35
Let m(c) = -2*c**2 - 25*c - 124. Let y(x) = -3*x**2 - 50*x - 249. Let q(d) = 7*m(d) - 4*y(d). Let w be q(16). Calculate the highest common factor of w and 48.
16
Let s(q) = 130*q**2 - 28*q + 123. Let k be s(5). Calculate the greatest common divisor of 371 and k.
53
Let g = -345 - -351. Let b(p) = -3*p + 3. Suppose 0 = -4*j + 5*u, 0 + 7 = -3*j + 2*u. Let o be b(j). What is the highest common factor of o and g?
6
Suppose 0 = -4*y + 858 + 1114. Suppose -d - 4*s = -89, -275*s - 15 = -276*s. What is the greatest common factor of y and d?
29
Let x = 276 - 278. Let f(h) = -10*h**3 + h**2 + 2*h + 1. Let n be f(x). Calculate the highest common divisor of 3 and n.
3
Let k(a) = 24*a**2 + 25*a + 84. Let f be k(-4). What is the highest common factor of 184 and f?
184
Let d(b) = 8*b**2 + 185*b + 203. Let h be d(-22). Calculate the greatest common divisor of 240 and h.
5
Let n = 15 + -9. Suppose o - 45 + n = 0. Suppose 791*q - 799*q + 104 = 0. Calculate the greatest common divisor of o and q.
13
Let c(z) = -73*z + 40. Let u be c(6). Let s = u + 740. Calculate the highest common divisor of s and 38.
38
Let c = -6574 - -6622. What is the highest common factor of 852 and c?
12
Let d(t) = -7*t + 125. Suppose -245 = -17*b - 7. Let v be d(b). Calculate the highest common divisor of v and 3.
3
Let c(h) = -4*h**3 + 21*h**2 + 63*h - 76. Let b be c(-10). What is the greatest common divisor of b and 155?
31
Let f = 2975 + -2960. Calculate the greatest common factor of f and 63.
3
Suppose 13*u - 34429 = -34390. What is the greatest common factor of u and 48?
3
Let w be ((-54)/8)/(-42 - (-18117)/432). Calculate the greatest common factor of w and 2676.
12
Let u = 99 + -96. Suppose -u*k = -3*p + 318, -5*p + 9*p + 3*k = 417. Calculate the highest common divisor of 15 and p.
15
Suppose f + s = 30, 3*s = 4*f + 4*s - 108. Let g = -473 + 474. Let v be (g/2)/(3/1404). Calculate the highest common divisor of f and v.
26
Let o be 3/((-14)/(-30324)*19). Calculate the greatest common divisor of 9462 and o.
114
Let o(s) = -3*s**2 + 161*s - 673. Let b be o(5). Calculate the greatest common factor of b and 1349.
19
Suppose 0 = -75*s + 84*s - 54. Suppose -2*w - 32 = -3*h, 3*w = 5*h + 2*w - 65. Suppose 5*x + h = 44. What is the highest common divisor of x and s?
6
Let a = -7366 + 7374. Calculate the greatest common factor of 984 and a.
8
Suppose -132 = -4*r - 3*l, -l = -4*r - 2*l + 132. Let n = r - 27. Suppose -n*f = f - 336. Calculate the highest common factor of 72 and f.
24
Suppose 8 = -2*o, -4*g + 360 = -4*o - 76. Suppose g = 3*w - 5*b, 197 = w + 4*w - b. What is the highest common divisor of 25 and w?
5
Suppose 2*l + 4*w - 762 = 2924, 5*l - 9197 = -4*w. What is the highest common divisor of l and 55?
11
Let j = 243 + -236. Suppose -4*s = -s - 4*i + 1, 5*s = -i + 6. Calculate the highest common divisor of j and s.
1
Suppose 0 + 9 = 2*l - 3*t, 4*l = 3*t + 15. Let z be (-16)/l*(-63)/28. Let w(h) = 105*h + 3. Let k be w(1). Calculate the highest common divisor of z and k.
12
Let j(r) = r**2 - 5*r - 12. Let v be j(-3). Let t be (-5916)/(-255) + v/15. Let x be -1*(2 + -1) - -37. Calculate the greatest common factor of x and t.
12
Let b(x) = 11*x + 562. Let p be b(118). Calculate the greatest common divisor of p and 192.
12
Suppose